{"id":11,"date":"2021-04-13T21:55:08","date_gmt":"2021-04-13T19:55:08","guid":{"rendered":"https:\/\/epilibres.leportail.org\/?page_id=11"},"modified":"2025-12-07T15:00:06","modified_gmt":"2025-12-07T14:00:06","slug":"ou-est-ce","status":"publish","type":"page","link":"https:\/\/epis-libres.leportail.org\/index.php\/ou-est-ce\/","title":{"rendered":"O\u00f9 est-ce ?"},"content":{"rendered":"<p><a href=\"https:\/\/www.leportail.org\/\">L&rsquo;\u00e9colieu du Portail<\/a> se situe dans la r\u00e9gion Bourgogne Franche-comt\u00e9, en Sa\u00f4ne et Loire et plus pr\u00e9cis\u00e9ment dans le territoire de la Bresse, sur la commune de Torpes.<\/p>\n<p>Il s&rsquo;int\u00e8gre dans un paysage rural o\u00f9 les prairies, les cultures, les habitations traditionnelles&#8230; se m\u00ealent dans une ambiance naturelle, authentique et apaisante.<\/p>\n<p>Torpes est un village de 372 habitants, situ\u00e9 en Bresse Louhannaise.<\/p>\n<p>Le village de Bellevesvre, situ\u00e9 \u00e0 2 km, accueille une boulangerie, un cabinet m\u00e9dical, une fromagerie\/\u00e9picerie, une esth\u00e9ticienne, un salon de coiffure, entre autres. Les communes de Pierre de Bresse (10km), Bletterans (15km) et Saint Germain du Bois (15km), offriront davantage de commodit\u00e9s. Et enfin, Dole (40km), Lons le Saunier (30km) et Chalon sur Sa\u00f4ne (45km) sont des villes plus importantes. L&rsquo;autoroute la plus proche est \u00e0 15 minutes. Les gares \u00e0 environ 30 minutes.<\/p>\n\n\n<figure class=\"wp-block-gallery aligncenter has-nested-images columns-default is-cropped wp-block-gallery-1 is-layout-flex wp-block-gallery-is-layout-flex\">\n<figure class=\"wp-block-image size-large\"><img loading=\"lazy\" decoding=\"async\" width=\"1024\" height=\"578\" data-id=\"19\" src=\"https:\/\/epi-libres.localhost\/wp-content\/uploads\/2021\/04\/Chateau_Pierre_de_Bresse-1024x578.jpg\" alt=\"\" class=\"wp-image-19\" srcset=\"https:\/\/epis-libres.leportail.org\/wp-content\/uploads\/2021\/04\/Chateau_Pierre_de_Bresse-1024x578.jpg 1024w, https:\/\/epis-libres.leportail.org\/wp-content\/uploads\/2021\/04\/Chateau_Pierre_de_Bresse-300x169.jpg 300w, https:\/\/epis-libres.leportail.org\/wp-content\/uploads\/2021\/04\/Chateau_Pierre_de_Bresse-768x433.jpg 768w, https:\/\/epis-libres.leportail.org\/wp-content\/uploads\/2021\/04\/Chateau_Pierre_de_Bresse-1536x866.jpg 1536w, https:\/\/epis-libres.leportail.org\/wp-content\/uploads\/2021\/04\/Chateau_Pierre_de_Bresse.jpg 2048w\" sizes=\"auto, (max-width: 1024px) 100vw, 1024px\" \/><\/figure>\n\n\n\n<figure class=\"wp-block-image size-large\"><img decoding=\"async\" data-id=\"17\" src=\"https:\/\/epi-libres.localhost\/wp-content\/uploads\/2021\/04\/Rue_des_arcades-1024x780.jpg\" alt=\"\" class=\"wp-image-17\"\/><\/figure>\n\n\n\n<figure class=\"wp-block-image size-large\"><img loading=\"lazy\" decoding=\"async\" width=\"1024\" height=\"683\" data-id=\"16\" src=\"https:\/\/epi-libres.localhost\/wp-content\/uploads\/2021\/04\/Torpes_Saone-et-Loire_Kirche_Brennetal-1024x683.jpg\" alt=\"\" class=\"wp-image-16\" srcset=\"https:\/\/epis-libres.leportail.org\/wp-content\/uploads\/2021\/04\/Torpes_Saone-et-Loire_Kirche_Brennetal-1024x683.jpg 1024w, https:\/\/epis-libres.leportail.org\/wp-content\/uploads\/2021\/04\/Torpes_Saone-et-Loire_Kirche_Brennetal-300x200.jpg 300w, https:\/\/epis-libres.leportail.org\/wp-content\/uploads\/2021\/04\/Torpes_Saone-et-Loire_Kirche_Brennetal-768x512.jpg 768w, https:\/\/epis-libres.leportail.org\/wp-content\/uploads\/2021\/04\/Torpes_Saone-et-Loire_Kirche_Brennetal-1536x1024.jpg 1536w, https:\/\/epis-libres.leportail.org\/wp-content\/uploads\/2021\/04\/Torpes_Saone-et-Loire_Kirche_Brennetal-2048x1365.jpg 2048w\" sizes=\"auto, (max-width: 1024px) 100vw, 1024px\" \/><\/figure>\n<\/figure>\n\n\n\n<figure class=\"wp-block-image aligncenter size-large\"><img loading=\"lazy\" decoding=\"async\" width=\"611\" height=\"538\" src=\"https:\/\/epilibres.leportail.org\/wp-content\/uploads\/2021\/04\/MAP-1.png\" alt=\"\" class=\"wp-image-20\" srcset=\"https:\/\/epis-libres.leportail.org\/wp-content\/uploads\/2021\/04\/MAP-1.png 611w, https:\/\/epis-libres.leportail.org\/wp-content\/uploads\/2021\/04\/MAP-1-300x264.png 300w\" sizes=\"auto, (max-width: 611px) 100vw, 611px\" \/><\/figure>\n\n\n<\/p>","protected":false},"excerpt":{"rendered":"<p>L&rsquo;\u00e9colieu du Portail se situe dans la r\u00e9gion Bourgogne Franche-comt\u00e9, en Sa\u00f4ne et Loire et plus pr\u00e9cis\u00e9ment dans le territoire de la Bresse, sur la commune de Torpes. Il s&rsquo;int\u00e8gre dans un paysage rural o\u00f9 les prairies, les cultures, les habitations traditionnelles&#8230; se m\u00ealent dans une ambiance naturelle, authentique et apaisante. Torpes est un village [&hellip;]<\/p>\n","protected":false},"author":1,"featured_media":0,"parent":0,"menu_order":0,"comment_status":"closed","ping_status":"closed","template":"","meta":{"site-sidebar-layout":"no-sidebar","site-content-layout":"default","ast-site-content-layout":"default","site-content-style":"default","site-sidebar-style":"default","ast-global-header-display":"","ast-banner-title-visibility":"","ast-main-header-display":"","ast-hfb-above-header-display":"","ast-hfb-below-header-display":"","ast-hfb-mobile-header-display":"","site-post-title":"","ast-breadcrumbs-content":"","ast-featured-img":"","footer-sml-layout":"","theme-transparent-header-meta":"default","adv-header-id-meta":"","stick-header-meta":"","header-above-stick-meta":"","header-main-stick-meta":"","header-below-stick-meta":"","astra-migrate-meta-layouts":"set","ast-page-background-enabled":"default","ast-page-background-meta":{"desktop":{"background-color":"","background-image":"","background-repeat":"repeat","background-position":"center center","background-size":"auto","background-attachment":"scroll","background-type":"","background-media":"","overlay-type":"","overlay-color":"","overlay-opacity":"","overlay-gradient":""},"tablet":{"background-color":"","background-image":"","background-repeat":"repeat","background-position":"center center","background-size":"auto","background-attachment":"scroll","background-type":"","background-media":"","overlay-type":"","overlay-color":"","overlay-opacity":"","overlay-gradient":""},"mobile":{"background-color":"","background-image":"","background-repeat":"repeat","background-position":"center center","background-size":"auto","background-attachment":"scroll","background-type":"","background-media":"","overlay-type":"","overlay-color":"","overlay-opacity":"","overlay-gradient":""}},"ast-content-background-meta":{"desktop":{"background-color":"var(--ast-global-color-5)","background-image":"","background-repeat":"repeat","background-position":"center center","background-size":"auto","background-attachment":"scroll","background-type":"","background-media":"","overlay-type":"","overlay-color":"","overlay-opacity":"","overlay-gradient":""},"tablet":{"background-color":"var(--ast-global-color-5)","background-image":"","background-repeat":"repeat","background-position":"center center","background-size":"auto","background-attachment":"scroll","background-type":"","background-media":"","overlay-type":"","overlay-color":"","overlay-opacity":"","overlay-gradient":""},"mobile":{"background-color":"var(--ast-global-color-5)","background-image":"","background-repeat":"repeat","background-position":"center center","background-size":"auto","background-attachment":"scroll","background-type":"","background-media":"","overlay-type":"","overlay-color":"","overlay-opacity":"","overlay-gradient":""}},"footnotes":""},"class_list":["post-11","page","type-page","status-publish","hentry"],"_links":{"self":[{"href":"https:\/\/epis-libres.leportail.org\/index.php\/wp-json\/wp\/v2\/pages\/11","targetHints":{"allow":["GET"]}}],"collection":[{"href":"https:\/\/epis-libres.leportail.org\/index.php\/wp-json\/wp\/v2\/pages"}],"about":[{"href":"https:\/\/epis-libres.leportail.org\/index.php\/wp-json\/wp\/v2\/types\/page"}],"author":[{"embeddable":true,"href":"https:\/\/epis-libres.leportail.org\/index.php\/wp-json\/wp\/v2\/users\/1"}],"replies":[{"embeddable":true,"href":"https:\/\/epis-libres.leportail.org\/index.php\/wp-json\/wp\/v2\/comments?post=11"}],"version-history":[{"count":12,"href":"https:\/\/epis-libres.leportail.org\/index.php\/wp-json\/wp\/v2\/pages\/11\/revisions"}],"predecessor-version":[{"id":1666,"href":"https:\/\/epis-libres.leportail.org\/index.php\/wp-json\/wp\/v2\/pages\/11\/revisions\/1666"}],"wp:attachment":[{"href":"https:\/\/epis-libres.leportail.org\/index.php\/wp-json\/wp\/v2\/media?parent=11"}],"curies":[{"name":"wp","href":"https:\/\/api.w.org\/{rel}","templated":true}]}}