{"id":1637,"date":"2025-06-28T10:14:52","date_gmt":"2025-06-28T08:14:52","guid":{"rendered":"https:\/\/epis-libres.leportail.org\/?page_id=1637"},"modified":"2025-06-28T10:36:14","modified_gmt":"2025-06-28T08:36:14","slug":"qui-sommes-nous-2","status":"publish","type":"page","link":"https:\/\/epis-libres.leportail.org\/index.php\/qui-sommes-nous-2\/","title":{"rendered":"Qui sommes-nous ?"},"content":{"rendered":"\n<figure class=\"wp-block-image aligncenter size-full\"><img loading=\"lazy\" decoding=\"async\" width=\"800\" height=\"533\" src=\"https:\/\/epi-libres.localhost\/wp-content\/uploads\/2025\/06\/epi_libres-photo_groupe-2.jpg\" alt=\"\" class=\"wp-image-1660\" srcset=\"https:\/\/epis-libres.leportail.org\/wp-content\/uploads\/2025\/06\/epi_libres-photo_groupe-2.jpg 800w, https:\/\/epis-libres.leportail.org\/wp-content\/uploads\/2025\/06\/epi_libres-photo_groupe-2-300x200.jpg 300w, https:\/\/epis-libres.leportail.org\/wp-content\/uploads\/2025\/06\/epi_libres-photo_groupe-2-768x512.jpg 768w\" sizes=\"auto, (max-width: 800px) 100vw, 800px\" \/><\/figure>\n\n\n\n<div class=\"wp-block-group is-nowrap is-layout-flex wp-container-core-group-is-layout-6c531013 wp-block-group-is-layout-flex\">\n<h2 class=\"wp-block-heading has-text-align-center\">Claire<\/h2>\n\n\n\n<figure class=\"wp-block-image size-full is-resized\"><img loading=\"lazy\" decoding=\"async\" width=\"498\" height=\"537\" src=\"https:\/\/epi-libres.localhost\/wp-content\/uploads\/2025\/06\/epi_libres-photo_claire-elipse-2.png\" alt=\"\" class=\"wp-image-1649\" style=\"width:128px;height:auto\" srcset=\"https:\/\/epis-libres.leportail.org\/wp-content\/uploads\/2025\/06\/epi_libres-photo_claire-elipse-2.png 498w, https:\/\/epis-libres.leportail.org\/wp-content\/uploads\/2025\/06\/epi_libres-photo_claire-elipse-2-278x300.png 278w\" sizes=\"auto, (max-width: 498px) 100vw, 498px\" \/><\/figure>\n\n\n\n<p><\/p>\n<\/div>\n\n\n\n<p>Architecte \u00e0 l\u2019\u00e2ge de la retraite, je souhaite concr\u00e9tiser l\u2019ensemble des valeurs qui m\u2019on guid\u00e9es au long de ma vie \u2013 le partage, la solidarit\u00e9, la fraternit\u00e9 \u2013 et faire l\u2019exp\u00e9rience v\u00e9ritable du \u00ab vivre ensemble \u00bb et du \u00ab bien vivre \u00bb.<br>J\u2019ai connu l\u2019\u00e9colieu du Portail par le biais de ma profession, et losque le projet d\u2019habitat participatif a vu le jour, c\u2019est tout naturellement que je m\u2019y suis int\u00e9ress\u00e9.<br>Les atouts que je vois \u00e0 ce projet sont :<br>-Le c\u00f4t\u00e9 \u00ab coop\u00e9rative \u00bb qui permet un v\u00e9ritable partage<br>\u2013 L\u2019\u00e9colieu pr\u00e9existant qui offre un investissement personnel dynamisant<br>\u2013 L\u2019environnement naturel de la Bresse et du Jura tout proche pour la beaut\u00e9 des paysages, le calme et la vie saine<br>\u2013 Et bien entendu l\u2019exp\u00e9rience de cr\u00e9ation en intelligence collective de mon lieu de vie.<\/p>\n\n\n\n<div class=\"wp-block-group is-nowrap is-layout-flex wp-container-core-group-is-layout-6c531013 wp-block-group-is-layout-flex\">\n<h2 class=\"wp-block-heading has-text-align-center\">D\u00e9d\u00e9<\/h2>\n\n\n\n<figure class=\"wp-block-image size-full is-resized\"><img loading=\"lazy\" decoding=\"async\" width=\"526\" height=\"575\" src=\"https:\/\/epi-libres.localhost\/wp-content\/uploads\/2025\/06\/epi_libres-photo_dede-elipse-1.png\" alt=\"\" class=\"wp-image-1655\" style=\"width:107px;height:auto\" srcset=\"https:\/\/epis-libres.leportail.org\/wp-content\/uploads\/2025\/06\/epi_libres-photo_dede-elipse-1.png 526w, https:\/\/epis-libres.leportail.org\/wp-content\/uploads\/2025\/06\/epi_libres-photo_dede-elipse-1-274x300.png 274w\" sizes=\"auto, (max-width: 526px) 100vw, 526px\" \/><\/figure>\n<\/div>\n\n\n\n<p>Conscient depuis mes \u00e9tudes que les choix de nos soci\u00e9t\u00e9s nous entra\u00eenent dans le mur, je m\u2019engage dans ce projet collectif pour exp\u00e9rimenter une soci\u00e9t\u00e9 plus sobre, conviviale et solidaire. Depuis mon implication, je me passionne pour les constructions bio-climatiques avec des mat\u00e9riaux naturels.<\/p>\n\n\n\n<div class=\"wp-block-group is-nowrap is-layout-flex wp-container-core-group-is-layout-6c531013 wp-block-group-is-layout-flex\">\n<h2 class=\"wp-block-heading has-text-align-center\">Fran\u00e7oise<\/h2>\n\n\n\n<figure class=\"wp-block-image size-full is-resized\"><img loading=\"lazy\" decoding=\"async\" width=\"652\" height=\"786\" src=\"https:\/\/epi-libres.localhost\/wp-content\/uploads\/2025\/06\/epi_libres-photo_francoise-elipse-1.png\" alt=\"\" class=\"wp-image-1658\" style=\"width:104px;height:auto\" srcset=\"https:\/\/epis-libres.leportail.org\/wp-content\/uploads\/2025\/06\/epi_libres-photo_francoise-elipse-1.png 652w, https:\/\/epis-libres.leportail.org\/wp-content\/uploads\/2025\/06\/epi_libres-photo_francoise-elipse-1-249x300.png 249w\" sizes=\"auto, (max-width: 652px) 100vw, 652px\" \/><\/figure>\n<\/div>\n\n\n\n<p>Issue d\u2019une famille nombreuse, il m\u2019en est rest\u00e9 le go\u00fbt du collectif, de la famille (4 enfants) et de la musique. J\u2019en ai fait mon m\u00e9tier comme professeur \u00e0 l\u2019\u00e9ducation nationale. La musique reste ma premi\u00e8re source d\u2019\u00e9nergie -en particulier le chant choral et le r\u00e9pertoire folk- mais une vie proche de la nature est aussi essentielle pour moi\u00a0: cueillette sauvage, jardinage, randonn\u00e9e. Enfin, la construction ou toute autre activit\u00e9 manuelle me sont indispensables et j\u2019ai compris pourquoi en lisant \u00ab\u00a0L\u2019\u00c9loge du carburateur\u00a0\u00bb de Matthew B. Crawford. <br>Le sentiment d\u2019urgence au vu de l\u2019\u00e9tat de la plan\u00e8te m\u2019a pouss\u00e9e en 2007 \u00e0 rejoindre un collectif dont un \u00e9l\u00e9ment de r\u00e9ponse active \u00e0 cette probl\u00e9matique \u00e9tait la cr\u00e9ation d\u2019un \u00e9colieu en milieu rural. Depuis, j\u2019ai pu b\u00e9n\u00e9ficier d\u2019une retraite anticip\u00e9e et consacrer du temps \u00e0 l\u2019\u00e9colieu : construction pendant 9 ans, gestion et activit\u00e9s associatives. Un engagement de chaque jour, passionnant, fatiguant, enrichissant, qui donne sens \u00e0 ma vie.<\/p>\n\n\n\n<div class=\"wp-block-group is-nowrap is-layout-flex wp-container-core-group-is-layout-6c531013 wp-block-group-is-layout-flex\">\n<h2 class=\"wp-block-heading has-text-align-center\">Marc<\/h2>\n\n\n\n<figure class=\"wp-block-image size-full is-resized\"><img loading=\"lazy\" decoding=\"async\" width=\"486\" height=\"522\" src=\"https:\/\/epi-libres.localhost\/wp-content\/uploads\/2025\/06\/epi_libres-photo_marc-elipse-11.png\" alt=\"\" class=\"wp-image-1647\" style=\"width:108px;height:auto\" srcset=\"https:\/\/epis-libres.leportail.org\/wp-content\/uploads\/2025\/06\/epi_libres-photo_marc-elipse-11.png 486w, https:\/\/epis-libres.leportail.org\/wp-content\/uploads\/2025\/06\/epi_libres-photo_marc-elipse-11-279x300.png 279w\" sizes=\"auto, (max-width: 486px) 100vw, 486px\" \/><\/figure>\n<\/div>\n\n\n\n<p>D\u2019une fa\u00e7on g\u00e9n\u00e9rale, je souhaite contribuer \u00e0 la construction d\u2019une soci\u00e9t\u00e9 juste, libre, respectueuse de la plan\u00e8te et solidaire. La connexion \u00e0 mon environnement ainsi que le lien social sont des \u00e9l\u00e9ments essentiels \u00e0 mon \u00e9quilibre. Je souhaite vivre dans un lieu chaleureux, \u00e0 la campagne, entour\u00e9 de personnes avec lesquelles il sera possible de se r\u00e9jouir, de se soutenir, d\u2019imaginer et de cr\u00e9er.<\/p>\n","protected":false},"excerpt":{"rendered":"<p>Claire Architecte \u00e0 l\u2019\u00e2ge de la retraite, je souhaite concr\u00e9tiser l\u2019ensemble des valeurs qui m\u2019on guid\u00e9es au long de ma vie \u2013 le partage, la solidarit\u00e9, la fraternit\u00e9 \u2013 et faire l\u2019exp\u00e9rience v\u00e9ritable du \u00ab vivre ensemble \u00bb et du \u00ab bien vivre \u00bb.J\u2019ai connu l\u2019\u00e9colieu du Portail par le biais de ma profession, et [&hellip;]<\/p>\n","protected":false},"author":1,"featured_media":0,"parent":0,"menu_order":0,"comment_status":"closed","ping_status":"closed","template":"","meta":{"site-sidebar-layout":"default","site-content-layout":"","ast-site-content-layout":"default","site-content-style":"default","site-sidebar-style":"default","ast-global-header-display":"","ast-banner-title-visibility":"","ast-main-header-display":"","ast-hfb-above-header-display":"","ast-hfb-below-header-display":"","ast-hfb-mobile-header-display":"","site-post-title":"","ast-breadcrumbs-content":"","ast-featured-img":"","footer-sml-layout":"","theme-transparent-header-meta":"","adv-header-id-meta":"","stick-header-meta":"","header-above-stick-meta":"","header-main-stick-meta":"","header-below-stick-meta":"","astra-migrate-meta-layouts":"set","ast-page-background-enabled":"default","ast-page-background-meta":{"desktop":{"background-color":"","background-image":"","background-repeat":"repeat","background-position":"center center","background-size":"auto","background-attachment":"scroll","background-type":"","background-media":"","overlay-type":"","overlay-color":"","overlay-opacity":"","overlay-gradient":""},"tablet":{"background-color":"","background-image":"","background-repeat":"repeat","background-position":"center center","background-size":"auto","background-attachment":"scroll","background-type":"","background-media":"","overlay-type":"","overlay-color":"","overlay-opacity":"","overlay-gradient":""},"mobile":{"background-color":"","background-image":"","background-repeat":"repeat","background-position":"center center","background-size":"auto","background-attachment":"scroll","background-type":"","background-media":"","overlay-type":"","overlay-color":"","overlay-opacity":"","overlay-gradient":""}},"ast-content-background-meta":{"desktop":{"background-color":"var(--ast-global-color-5)","background-image":"","background-repeat":"repeat","background-position":"center center","background-size":"auto","background-attachment":"scroll","background-type":"","background-media":"","overlay-type":"","overlay-color":"","overlay-opacity":"","overlay-gradient":""},"tablet":{"background-color":"var(--ast-global-color-5)","background-image":"","background-repeat":"repeat","background-position":"center center","background-size":"auto","background-attachment":"scroll","background-type":"","background-media":"","overlay-type":"","overlay-color":"","overlay-opacity":"","overlay-gradient":""},"mobile":{"background-color":"var(--ast-global-color-5)","background-image":"","background-repeat":"repeat","background-position":"center center","background-size":"auto","background-attachment":"scroll","background-type":"","background-media":"","overlay-type":"","overlay-color":"","overlay-opacity":"","overlay-gradient":""}},"footnotes":""},"class_list":["post-1637","page","type-page","status-publish","hentry"],"_links":{"self":[{"href":"https:\/\/epis-libres.leportail.org\/index.php\/wp-json\/wp\/v2\/pages\/1637","targetHints":{"allow":["GET"]}}],"collection":[{"href":"https:\/\/epis-libres.leportail.org\/index.php\/wp-json\/wp\/v2\/pages"}],"about":[{"href":"https:\/\/epis-libres.leportail.org\/index.php\/wp-json\/wp\/v2\/types\/page"}],"author":[{"embeddable":true,"href":"https:\/\/epis-libres.leportail.org\/index.php\/wp-json\/wp\/v2\/users\/1"}],"replies":[{"embeddable":true,"href":"https:\/\/epis-libres.leportail.org\/index.php\/wp-json\/wp\/v2\/comments?post=1637"}],"version-history":[{"count":14,"href":"https:\/\/epis-libres.leportail.org\/index.php\/wp-json\/wp\/v2\/pages\/1637\/revisions"}],"predecessor-version":[{"id":1661,"href":"https:\/\/epis-libres.leportail.org\/index.php\/wp-json\/wp\/v2\/pages\/1637\/revisions\/1661"}],"wp:attachment":[{"href":"https:\/\/epis-libres.leportail.org\/index.php\/wp-json\/wp\/v2\/media?parent=1637"}],"curies":[{"name":"wp","href":"https:\/\/api.w.org\/{rel}","templated":true}]}}