{"id":24,"date":"2021-04-13T21:56:06","date_gmt":"2021-04-13T19:56:06","guid":{"rendered":"https:\/\/epilibres.leportail.org\/?page_id=24"},"modified":"2025-12-07T15:01:21","modified_gmt":"2025-12-07T14:01:21","slug":"quels-liens-avec-la-cooperative-dhabitants","status":"publish","type":"page","link":"https:\/\/epis-libres.leportail.org\/index.php\/quels-liens-avec-la-cooperative-dhabitants\/","title":{"rendered":"Quels liens avec l&rsquo;habitat participatif ?"},"content":{"rendered":"<p><a href=\"https:\/\/www.leportail.org\/\">L&rsquo;\u00e9colieu<\/a> est beaucoup plus qu&rsquo;un endroit pratique ou attirant pour construire des logements. Il s&rsquo;agit d&rsquo;un lieu de vie et d&rsquo;activit\u00e9s, ouvert sur son environnement social, g\u00e9r\u00e9 collectivement.<\/p>\n<p>Le projet est global et vise \u00e0 assurer la viabilit\u00e9 des activit\u00e9s \u00e9conomiques, le respect de l&rsquo;environnement (entre autres par des constructions \u00e9cologiques) et la qualit\u00e9 de vie sur l&rsquo;\u00e9colieu, en accord avec le tissu social local.<br \/>\nApr\u00e8s 15 ann\u00e9es d&rsquo;existence, il manque l&rsquo;habitat qui permettra de loger sur place une partie des personnes engag\u00e9es sur l&rsquo;\u00e9colieu.<\/p>\n<p>Les habitants seront volontairement actifs sur l&rsquo;\u00e9colieu, soit en tant que professionnels dans l&rsquo;activit\u00e9 qu&rsquo;ils auront choisie, soit en tant que b\u00e9n\u00e9voles dans une ou plusieurs des associations. Les initiatives et les nouvelles comp\u00e9tences sont les bienvenues.<\/p>\n<p>Le fait d&rsquo;habiter sur place conf\u00e8re \u00e0 la personne un r\u00f4le particulier dans la dynamique du lieu. Elle a une responsabilit\u00e9 dans ses choix qui doivent \u00eatre en accord\u00a0 avec les valeurs de l&rsquo;\u00e9colieu. Par exemple, les choix d&rsquo;am\u00e9nagement doivent respecter un cahier des charges d\u00e9cid\u00e9 en pl\u00e9ni\u00e8re de l&rsquo;\u00e9colieu.<\/p>\n<p>Le futur habitant ne va pas \u00ab subir \u00bb l&rsquo;\u00e9colieu, mais gr\u00e2ce \u00e0 son implication en devenir un partenaire.<br \/>\nDepuis ses d\u00e9buts, les acteurs de l&rsquo;\u00e9colieu ont toujours pr\u00eat\u00e9 attention aux adaptations n\u00e9cessaires selon les exp\u00e9riences v\u00e9cues collectivement. Rien n&rsquo;est donc fig\u00e9. L&rsquo;apparition dans le paysage de l&rsquo;\u00e9colieu de ce groupe de futurs habitants \u00ab les \u00c9pis libres \u00bb, va certainement modifier les \u00e9quilibres pr\u00e9sents. Et nous pensons que cela va favoriser un nouveau dynamisme. Donc, bienvenue aux futurs habitants !<\/p>\n","protected":false},"excerpt":{"rendered":"<p>L&rsquo;\u00e9colieu est beaucoup plus qu&rsquo;un endroit pratique ou attirant pour construire des logements. Il s&rsquo;agit d&rsquo;un lieu de vie et d&rsquo;activit\u00e9s, ouvert sur son environnement social, g\u00e9r\u00e9 collectivement. Le projet est global et vise \u00e0 assurer la viabilit\u00e9 des activit\u00e9s \u00e9conomiques, le respect de l&rsquo;environnement (entre autres par des constructions \u00e9cologiques) et la qualit\u00e9 de [&hellip;]<\/p>\n","protected":false},"author":1,"featured_media":0,"parent":0,"menu_order":0,"comment_status":"closed","ping_status":"closed","template":"","meta":{"site-sidebar-layout":"default","site-content-layout":"default","ast-site-content-layout":"default","site-content-style":"default","site-sidebar-style":"default","ast-global-header-display":"","ast-banner-title-visibility":"","ast-main-header-display":"","ast-hfb-above-header-display":"","ast-hfb-below-header-display":"","ast-hfb-mobile-header-display":"","site-post-title":"","ast-breadcrumbs-content":"","ast-featured-img":"","footer-sml-layout":"","theme-transparent-header-meta":"default","adv-header-id-meta":"","stick-header-meta":"","header-above-stick-meta":"","header-main-stick-meta":"","header-below-stick-meta":"","astra-migrate-meta-layouts":"set","ast-page-background-enabled":"default","ast-page-background-meta":{"desktop":{"background-color":"","background-image":"","background-repeat":"repeat","background-position":"center center","background-size":"auto","background-attachment":"scroll","background-type":"","background-media":"","overlay-type":"","overlay-color":"","overlay-opacity":"","overlay-gradient":""},"tablet":{"background-color":"","background-image":"","background-repeat":"repeat","background-position":"center center","background-size":"auto","background-attachment":"scroll","background-type":"","background-media":"","overlay-type":"","overlay-color":"","overlay-opacity":"","overlay-gradient":""},"mobile":{"background-color":"","background-image":"","background-repeat":"repeat","background-position":"center center","background-size":"auto","background-attachment":"scroll","background-type":"","background-media":"","overlay-type":"","overlay-color":"","overlay-opacity":"","overlay-gradient":""}},"ast-content-background-meta":{"desktop":{"background-color":"var(--ast-global-color-5)","background-image":"","background-repeat":"repeat","background-position":"center center","background-size":"auto","background-attachment":"scroll","background-type":"","background-media":"","overlay-type":"","overlay-color":"","overlay-opacity":"","overlay-gradient":""},"tablet":{"background-color":"var(--ast-global-color-5)","background-image":"","background-repeat":"repeat","background-position":"center center","background-size":"auto","background-attachment":"scroll","background-type":"","background-media":"","overlay-type":"","overlay-color":"","overlay-opacity":"","overlay-gradient":""},"mobile":{"background-color":"var(--ast-global-color-5)","background-image":"","background-repeat":"repeat","background-position":"center center","background-size":"auto","background-attachment":"scroll","background-type":"","background-media":"","overlay-type":"","overlay-color":"","overlay-opacity":"","overlay-gradient":""}},"footnotes":""},"class_list":["post-24","page","type-page","status-publish","hentry"],"_links":{"self":[{"href":"https:\/\/epis-libres.leportail.org\/index.php\/wp-json\/wp\/v2\/pages\/24","targetHints":{"allow":["GET"]}}],"collection":[{"href":"https:\/\/epis-libres.leportail.org\/index.php\/wp-json\/wp\/v2\/pages"}],"about":[{"href":"https:\/\/epis-libres.leportail.org\/index.php\/wp-json\/wp\/v2\/types\/page"}],"author":[{"embeddable":true,"href":"https:\/\/epis-libres.leportail.org\/index.php\/wp-json\/wp\/v2\/users\/1"}],"replies":[{"embeddable":true,"href":"https:\/\/epis-libres.leportail.org\/index.php\/wp-json\/wp\/v2\/comments?post=24"}],"version-history":[{"count":10,"href":"https:\/\/epis-libres.leportail.org\/index.php\/wp-json\/wp\/v2\/pages\/24\/revisions"}],"predecessor-version":[{"id":1667,"href":"https:\/\/epis-libres.leportail.org\/index.php\/wp-json\/wp\/v2\/pages\/24\/revisions\/1667"}],"wp:attachment":[{"href":"https:\/\/epis-libres.leportail.org\/index.php\/wp-json\/wp\/v2\/media?parent=24"}],"curies":[{"name":"wp","href":"https:\/\/api.w.org\/{rel}","templated":true}]}}