{"id":34,"date":"2021-04-13T21:58:25","date_gmt":"2021-04-13T19:58:25","guid":{"rendered":"https:\/\/epilibres.leportail.org\/?page_id=34"},"modified":"2024-11-19T19:19:29","modified_gmt":"2024-11-19T18:19:29","slug":"quest-ce-quune-cooperative-dhabitants","status":"publish","type":"page","link":"https:\/\/epis-libres.leportail.org\/index.php\/quest-ce-quune-cooperative-dhabitants\/","title":{"rendered":"Qu&rsquo;est-ce qu&rsquo;un habitat participatif ?"},"content":{"rendered":"\n<hr class=\"wp-block-separator is-style-wide\"\/>\n\n\n\n<h3 class=\"has-vivid-red-color has-text-color wp-block-heading\">Les habitants sont impliqu\u00e9s.<\/h3>\n\n\n\n<ul class=\"wp-block-list\"><li>dans la conception de leur lieu de vie<\/li><li>dans la gestion : les loyers des logements sont ainsi calcul\u00e9s<br>raisonnablement de mani\u00e8re \u00e0 rembourser l\u2019emprunt <br>et \u00e0 entretenir les constructions.<\/li><\/ul>\n\n\n\n<h3 class=\"has-vivid-red-color has-text-color wp-block-heading\">L\u2019empreinte \u00e9cologique est limit\u00e9e.<\/h3>\n\n\n\n<ul class=\"wp-block-list\"><li>gr\u00e2ce au regroupement des logements individuels en optimisant les surfaces <\/li><li>gr\u00e2ce \u00e0 la mise en commun de certains espaces (cave, buanderie, chambre d&rsquo;amis\u2026) et services<\/li><li>gr\u00e2ce au choix de mat\u00e9riaux \u00e9cologiques et si possible locaux<\/li><li>gr\u00e2ce au choix de construction limitant la consommation d\u2019\u00e9nergie<\/li><\/ul>\n\n\n\n<h3 class=\"has-vivid-red-color has-text-color wp-block-heading\">Le voisinage est une belle aventure.<\/h3>\n\n\n\n<ul class=\"wp-block-list\"><li>par la culture de la solidarit\u00e9<\/li><li>par la diversit\u00e9 interg\u00e9n\u00e9rationnelle<\/li><li>par le go\u00fbt du partage<\/li><\/ul>\n\n\n\n<div class=\"wp-block-image\"><figure class=\"aligncenter size-large\"><img loading=\"lazy\" decoding=\"async\" width=\"458\" height=\"193\" src=\"https:\/\/epi-libres.localhost\/wp-content\/uploads\/2021\/06\/Grand-nez.png\" alt=\"\" class=\"wp-image-1301\" srcset=\"https:\/\/epis-libres.leportail.org\/wp-content\/uploads\/2021\/06\/Grand-nez.png 458w, https:\/\/epis-libres.leportail.org\/wp-content\/uploads\/2021\/06\/Grand-nez-300x126.png 300w\" sizes=\"auto, (max-width: 458px) 100vw, 458px\" \/><\/figure><\/div>\n\n\n\n<hr class=\"wp-block-separator is-style-wide\"\/>\n","protected":false},"excerpt":{"rendered":"<p>Les habitants sont impliqu\u00e9s. dans la conception de leur lieu de vie dans la gestion : les loyers des logements sont ainsi calcul\u00e9sraisonnablement de mani\u00e8re \u00e0 rembourser l\u2019emprunt et \u00e0 entretenir les constructions. L\u2019empreinte \u00e9cologique est limit\u00e9e. gr\u00e2ce au regroupement des logements individuels en optimisant les surfaces gr\u00e2ce \u00e0 la mise en commun de certains [&hellip;]<\/p>\n","protected":false},"author":1,"featured_media":0,"parent":0,"menu_order":0,"comment_status":"closed","ping_status":"closed","template":"","meta":{"site-sidebar-layout":"default","site-content-layout":"default","ast-site-content-layout":"default","site-content-style":"default","site-sidebar-style":"default","ast-global-header-display":"","ast-banner-title-visibility":"","ast-main-header-display":"","ast-hfb-above-header-display":"","ast-hfb-below-header-display":"","ast-hfb-mobile-header-display":"","site-post-title":"","ast-breadcrumbs-content":"","ast-featured-img":"","footer-sml-layout":"","theme-transparent-header-meta":"default","adv-header-id-meta":"","stick-header-meta":"","header-above-stick-meta":"","header-main-stick-meta":"","header-below-stick-meta":"","astra-migrate-meta-layouts":"default","ast-page-background-enabled":"default","ast-page-background-meta":{"desktop":{"background-color":"","background-image":"","background-repeat":"repeat","background-position":"center center","background-size":"auto","background-attachment":"scroll","background-type":"","background-media":"","overlay-type":"","overlay-color":"","overlay-opacity":"","overlay-gradient":""},"tablet":{"background-color":"","background-image":"","background-repeat":"repeat","background-position":"center center","background-size":"auto","background-attachment":"scroll","background-type":"","background-media":"","overlay-type":"","overlay-color":"","overlay-opacity":"","overlay-gradient":""},"mobile":{"background-color":"","background-image":"","background-repeat":"repeat","background-position":"center center","background-size":"auto","background-attachment":"scroll","background-type":"","background-media":"","overlay-type":"","overlay-color":"","overlay-opacity":"","overlay-gradient":""}},"ast-content-background-meta":{"desktop":{"background-color":"var(--ast-global-color-5)","background-image":"","background-repeat":"repeat","background-position":"center center","background-size":"auto","background-attachment":"scroll","background-type":"","background-media":"","overlay-type":"","overlay-color":"","overlay-opacity":"","overlay-gradient":""},"tablet":{"background-color":"var(--ast-global-color-5)","background-image":"","background-repeat":"repeat","background-position":"center center","background-size":"auto","background-attachment":"scroll","background-type":"","background-media":"","overlay-type":"","overlay-color":"","overlay-opacity":"","overlay-gradient":""},"mobile":{"background-color":"var(--ast-global-color-5)","background-image":"","background-repeat":"repeat","background-position":"center center","background-size":"auto","background-attachment":"scroll","background-type":"","background-media":"","overlay-type":"","overlay-color":"","overlay-opacity":"","overlay-gradient":""}},"footnotes":""},"class_list":["post-34","page","type-page","status-publish","hentry"],"_links":{"self":[{"href":"https:\/\/epis-libres.leportail.org\/index.php\/wp-json\/wp\/v2\/pages\/34","targetHints":{"allow":["GET"]}}],"collection":[{"href":"https:\/\/epis-libres.leportail.org\/index.php\/wp-json\/wp\/v2\/pages"}],"about":[{"href":"https:\/\/epis-libres.leportail.org\/index.php\/wp-json\/wp\/v2\/types\/page"}],"author":[{"embeddable":true,"href":"https:\/\/epis-libres.leportail.org\/index.php\/wp-json\/wp\/v2\/users\/1"}],"replies":[{"embeddable":true,"href":"https:\/\/epis-libres.leportail.org\/index.php\/wp-json\/wp\/v2\/comments?post=34"}],"version-history":[{"count":15,"href":"https:\/\/epis-libres.leportail.org\/index.php\/wp-json\/wp\/v2\/pages\/34\/revisions"}],"predecessor-version":[{"id":1482,"href":"https:\/\/epis-libres.leportail.org\/index.php\/wp-json\/wp\/v2\/pages\/34\/revisions\/1482"}],"wp:attachment":[{"href":"https:\/\/epis-libres.leportail.org\/index.php\/wp-json\/wp\/v2\/media?parent=34"}],"curies":[{"name":"wp","href":"https:\/\/api.w.org\/{rel}","templated":true}]}}