{"id":47,"date":"2021-04-13T22:01:17","date_gmt":"2021-04-13T20:01:17","guid":{"rendered":"https:\/\/epilibres.leportail.org\/?page_id=47"},"modified":"2025-06-01T18:37:15","modified_gmt":"2025-06-01T16:37:15","slug":"la-repartition-des-espaces","status":"publish","type":"page","link":"https:\/\/epis-libres.leportail.org\/index.php\/la-repartition-des-espaces\/","title":{"rendered":"La r\u00e9partition des espaces"},"content":{"rendered":"\n<p>Le b\u00e2timent se compose de deux ailes reli\u00e9es par les espaces communs.<\/p>\n\n\n\n<p>Il comprendra sept logements de surfaces habitables variant entre 40m\u00b2 et 90m\u00b2, poss\u00e9dant entre une et trois chambres et un cellier.<\/p>\n\n\n\n<p>Les logements seront agr\u00e9ment\u00e9s selon leur disposition de balcons, de terrasse sous pergola.<\/p>\n\n\n\n<p>Les espaces communs comprendront :<\/p>\n\n\n\n<ul class=\"wp-block-list\"><li>Une cave enterr\u00e9e de 25m\u00b2<\/li><li>Un espace buanderie<\/li><li>Une petite salle commune<\/li><li>Des chambres d&rsquo;amis <\/li><li>Un local technique pour les capteurs solaires<\/li><li>Un potager partag\u00e9<\/li><li>Un jardin d&rsquo;agr\u00e9ment commun<\/li><\/ul>\n\n\n\n<h2 class=\"wp-block-heading\">Plans<\/h2>\n\n\n\n<ul class=\"wp-block-list\"><li><a href=\"https:\/\/epi-libres.localhost\/wp-content\/uploads\/2025\/06\/plan-DCE-Rez-de-chausse\u0301e.pdf\">Rez-de-chauss\u00e9e<\/a> (pdf)<\/li><li><a href=\"https:\/\/epi-libres.localhost\/wp-content\/uploads\/2025\/06\/plan-DCE-Etage.pdf\">\u00c9tage<\/a> (pdf)<\/li><\/ul>\n","protected":false},"excerpt":{"rendered":"<p>Le b\u00e2timent se compose de deux ailes reli\u00e9es par les espaces communs. Il comprendra sept logements de surfaces habitables variant entre 40m\u00b2 et 90m\u00b2, poss\u00e9dant entre une et trois chambres et un cellier. Les logements seront agr\u00e9ment\u00e9s selon leur disposition de balcons, de terrasse sous pergola. Les espaces communs comprendront : Une cave enterr\u00e9e de [&hellip;]<\/p>\n","protected":false},"author":1,"featured_media":0,"parent":0,"menu_order":0,"comment_status":"closed","ping_status":"closed","template":"","meta":{"site-sidebar-layout":"default","site-content-layout":"default","ast-site-content-layout":"default","site-content-style":"default","site-sidebar-style":"default","ast-global-header-display":"","ast-banner-title-visibility":"","ast-main-header-display":"","ast-hfb-above-header-display":"","ast-hfb-below-header-display":"","ast-hfb-mobile-header-display":"","site-post-title":"","ast-breadcrumbs-content":"","ast-featured-img":"","footer-sml-layout":"","theme-transparent-header-meta":"default","adv-header-id-meta":"","stick-header-meta":"","header-above-stick-meta":"","header-main-stick-meta":"","header-below-stick-meta":"","astra-migrate-meta-layouts":"default","ast-page-background-enabled":"default","ast-page-background-meta":{"desktop":{"background-color":"","background-image":"","background-repeat":"repeat","background-position":"center center","background-size":"auto","background-attachment":"scroll","background-type":"","background-media":"","overlay-type":"","overlay-color":"","overlay-opacity":"","overlay-gradient":""},"tablet":{"background-color":"","background-image":"","background-repeat":"repeat","background-position":"center center","background-size":"auto","background-attachment":"scroll","background-type":"","background-media":"","overlay-type":"","overlay-color":"","overlay-opacity":"","overlay-gradient":""},"mobile":{"background-color":"","background-image":"","background-repeat":"repeat","background-position":"center center","background-size":"auto","background-attachment":"scroll","background-type":"","background-media":"","overlay-type":"","overlay-color":"","overlay-opacity":"","overlay-gradient":""}},"ast-content-background-meta":{"desktop":{"background-color":"var(--ast-global-color-5)","background-image":"","background-repeat":"repeat","background-position":"center center","background-size":"auto","background-attachment":"scroll","background-type":"","background-media":"","overlay-type":"","overlay-color":"","overlay-opacity":"","overlay-gradient":""},"tablet":{"background-color":"var(--ast-global-color-5)","background-image":"","background-repeat":"repeat","background-position":"center center","background-size":"auto","background-attachment":"scroll","background-type":"","background-media":"","overlay-type":"","overlay-color":"","overlay-opacity":"","overlay-gradient":""},"mobile":{"background-color":"var(--ast-global-color-5)","background-image":"","background-repeat":"repeat","background-position":"center center","background-size":"auto","background-attachment":"scroll","background-type":"","background-media":"","overlay-type":"","overlay-color":"","overlay-opacity":"","overlay-gradient":""}},"footnotes":""},"class_list":["post-47","page","type-page","status-publish","hentry"],"_links":{"self":[{"href":"https:\/\/epis-libres.leportail.org\/index.php\/wp-json\/wp\/v2\/pages\/47","targetHints":{"allow":["GET"]}}],"collection":[{"href":"https:\/\/epis-libres.leportail.org\/index.php\/wp-json\/wp\/v2\/pages"}],"about":[{"href":"https:\/\/epis-libres.leportail.org\/index.php\/wp-json\/wp\/v2\/types\/page"}],"author":[{"embeddable":true,"href":"https:\/\/epis-libres.leportail.org\/index.php\/wp-json\/wp\/v2\/users\/1"}],"replies":[{"embeddable":true,"href":"https:\/\/epis-libres.leportail.org\/index.php\/wp-json\/wp\/v2\/comments?post=47"}],"version-history":[{"count":5,"href":"https:\/\/epis-libres.leportail.org\/index.php\/wp-json\/wp\/v2\/pages\/47\/revisions"}],"predecessor-version":[{"id":1568,"href":"https:\/\/epis-libres.leportail.org\/index.php\/wp-json\/wp\/v2\/pages\/47\/revisions\/1568"}],"wp:attachment":[{"href":"https:\/\/epis-libres.leportail.org\/index.php\/wp-json\/wp\/v2\/media?parent=47"}],"curies":[{"name":"wp","href":"https:\/\/api.w.org\/{rel}","templated":true}]}}