{"id":64,"date":"2021-04-13T22:06:54","date_gmt":"2021-04-13T20:06:54","guid":{"rendered":"https:\/\/epilibres.leportail.org\/?page_id=64"},"modified":"2026-01-25T19:12:27","modified_gmt":"2026-01-25T18:12:27","slug":"ce-quon-y-fait","status":"publish","type":"page","link":"https:\/\/epis-libres.leportail.org\/index.php\/ce-quon-y-fait\/","title":{"rendered":"Ce qu&rsquo;on y fait"},"content":{"rendered":"<div id=\"magicdomid21\" class=\"ace-line\" spellcheck=\"true\" aria-live=\"assertive\"><span class=\"author-a-sz68zz83ze6nz85zoxl07z88zuz77zs\"><a href=\"https:\/\/www.leportail.org\/\">L&rsquo;\u00e9colieu du Portail<\/a> est un bien commun, appartenant \u00e0 2 associations \u00e0 but non lucratif, associ\u00e9es dans la<\/span><\/div>\n<div id=\"magicdomid22\" class=\"ace-line\" spellcheck=\"true\" aria-live=\"assertive\"><span class=\"author-a-sz68zz83ze6nz85zoxl07z88zuz77zs\">SCI les Pieds sur terre : l&rsquo;association Du Grain \u00e0 moudre pour les activit\u00e9s ouvertes au public et<\/span><\/div>\n<div id=\"magicdomid23\" class=\"ace-line\" spellcheck=\"true\" aria-live=\"assertive\"><span class=\"author-a-sz68zz83ze6nz85zoxl07z88zuz77zs\">l&rsquo;association Pailles r\u00e9unissant les habitants et permanents. Dans ce cadre, les habitants seront force de<\/span><\/div>\n<div id=\"magicdomid24\" class=\"ace-line\" spellcheck=\"true\" aria-live=\"assertive\"><span class=\"author-a-sz68zz83ze6nz85zoxl07z88zuz77zs\">proposition pour la gestion financi\u00e8re et pour la vie collective.<\/span><\/div>\n<h2 spellcheck=\"true\" aria-live=\"assertive\">L&rsquo;association Du Grain \u00e0 Moudre<\/h2>\n<p>Pour suivre les activit\u00e9s propos\u00e9es : <a href=\"https:\/\/www.leportail.org\/animations\/\">https:\/\/www.leportail.org\/animations\/<\/a><\/p>\n<p><img loading=\"lazy\" decoding=\"async\" src=\"https:\/\/epi-libres.localhost\/wp-content\/uploads\/2021\/08\/IMG_1271-bis-768x576.jpg\" sizes=\"auto, (max-width: 768px) 100vw, 768px\" srcset=\"https:\/\/epi-libres.localhost\/wp-content\/uploads\/2021\/08\/IMG_1271-bis-768x576.jpg 768w, https:\/\/epi-libres.localhost\/wp-content\/uploads\/2021\/08\/IMG_1271-bis-300x225.jpg 300w, https:\/\/epi-libres.localhost\/wp-content\/uploads\/2021\/08\/IMG_1271-bis-1024x768.jpg 1024w, https:\/\/epi-libres.localhost\/wp-content\/uploads\/2021\/08\/IMG_1271-bis-1536x1152.jpg 1536w, https:\/\/epi-libres.localhost\/wp-content\/uploads\/2021\/08\/IMG_1271-bis-2048x1536.jpg 2048w\" alt=\"\" width=\"768\" height=\"576\" \/><\/p>\n<p>L\u2019association \u00ab\u00a0Du Grain \u00e0 moudre\u00a0\u00bb est n\u00e9e avant l\u2019\u00e9colieu. Elle est le r\u00e9sultat de la volont\u00e9 de cr\u00e9ation d&rsquo;un lieu de vie et de travail int\u00e9grant une ferme, ouvert sur l\u2019ext\u00e9rieur, g\u00e9r\u00e9 collectivement et faisant la place \u00e0 des personnes ext\u00e9rieures au projet. Une fois l\u2019\u00e9colieu fond\u00e9, son objet est devenu principalement l\u2019animation de l\u2019\u00e9colieu pour en faire un lieu ouvert \u00e0 tout public.<br \/>\nDepuis 2009, les activit\u00e9s propos\u00e9es par l\u2019association Du Grain \u00e0 moudre permettent de faire conna\u00eetre et d\u2019animer l\u2019\u00e9colieu : ateliers cuisine, r\u00e9paration de v\u00e9los ou artisanat, soir\u00e9es Jeux, soir\u00e9es Lecture, atelier d\u2019\u00c9criture, randonn\u00e9es \u00e0 th\u00e8me, march\u00e9s de producteurs, f\u00eates et bals folk.<br \/>\nMais aussi chantiers participatifs pour \u00e9changer sur les techniques d\u2019\u00e9co-construction, et enfin, accueil de groupes. Car t\u00e9moigner et transmettre savoirs et gestes est essentiel pour nous. Nous participons ainsi au d\u00e9veloppement d\u2019un mode de vie limitant notre empreinte sur l\u2019environnement.<\/p>\n<h2>L&rsquo;association Pailles<\/h2>\n<p>Elle rassemble les permanents de l\u2019\u00e9colieu pour rendre fluide le quotidien et organiser l\u2019entretien du lieu. Elle encadre aussi la mutualisation d\u2019outils.<\/p>\n<h2>Pour d\u00e9couvrir l&rsquo;\u00e9colieu<\/h2>\n<p>Il accueille des activit\u00e9s associatives et professionnelles. Il propose \u00e9galement des services. Retrouvez tous les d\u00e9tails sur le site\u00a0<a href=\"https:\/\/www.leportail.org\/\">https:\/\/www.leportail.org\/<\/a><\/p>\n","protected":false},"excerpt":{"rendered":"<p>L&rsquo;\u00e9colieu du Portail est un bien commun, appartenant \u00e0 2 associations \u00e0 but non lucratif, associ\u00e9es dans la SCI les Pieds sur terre : l&rsquo;association Du Grain \u00e0 moudre pour les activit\u00e9s ouvertes au public et l&rsquo;association Pailles r\u00e9unissant les habitants et permanents. Dans ce cadre, les habitants seront force de proposition pour la gestion [&hellip;]<\/p>\n","protected":false},"author":1,"featured_media":0,"parent":0,"menu_order":2,"comment_status":"closed","ping_status":"closed","template":"","meta":{"site-sidebar-layout":"default","site-content-layout":"default","ast-site-content-layout":"default","site-content-style":"default","site-sidebar-style":"default","ast-global-header-display":"","ast-banner-title-visibility":"","ast-main-header-display":"","ast-hfb-above-header-display":"","ast-hfb-below-header-display":"","ast-hfb-mobile-header-display":"","site-post-title":"","ast-breadcrumbs-content":"","ast-featured-img":"","footer-sml-layout":"","theme-transparent-header-meta":"default","adv-header-id-meta":"","stick-header-meta":"","header-above-stick-meta":"","header-main-stick-meta":"","header-below-stick-meta":"","astra-migrate-meta-layouts":"set","ast-page-background-enabled":"default","ast-page-background-meta":{"desktop":{"background-color":"","background-image":"","background-repeat":"repeat","background-position":"center center","background-size":"auto","background-attachment":"scroll","background-type":"","background-media":"","overlay-type":"","overlay-color":"","overlay-opacity":"","overlay-gradient":""},"tablet":{"background-color":"","background-image":"","background-repeat":"repeat","background-position":"center center","background-size":"auto","background-attachment":"scroll","background-type":"","background-media":"","overlay-type":"","overlay-color":"","overlay-opacity":"","overlay-gradient":""},"mobile":{"background-color":"","background-image":"","background-repeat":"repeat","background-position":"center center","background-size":"auto","background-attachment":"scroll","background-type":"","background-media":"","overlay-type":"","overlay-color":"","overlay-opacity":"","overlay-gradient":""}},"ast-content-background-meta":{"desktop":{"background-color":"var(--ast-global-color-5)","background-image":"","background-repeat":"repeat","background-position":"center center","background-size":"auto","background-attachment":"scroll","background-type":"","background-media":"","overlay-type":"","overlay-color":"","overlay-opacity":"","overlay-gradient":""},"tablet":{"background-color":"var(--ast-global-color-5)","background-image":"","background-repeat":"repeat","background-position":"center center","background-size":"auto","background-attachment":"scroll","background-type":"","background-media":"","overlay-type":"","overlay-color":"","overlay-opacity":"","overlay-gradient":""},"mobile":{"background-color":"var(--ast-global-color-5)","background-image":"","background-repeat":"repeat","background-position":"center center","background-size":"auto","background-attachment":"scroll","background-type":"","background-media":"","overlay-type":"","overlay-color":"","overlay-opacity":"","overlay-gradient":""}},"footnotes":""},"class_list":["post-64","page","type-page","status-publish","hentry"],"_links":{"self":[{"href":"https:\/\/epis-libres.leportail.org\/index.php\/wp-json\/wp\/v2\/pages\/64","targetHints":{"allow":["GET"]}}],"collection":[{"href":"https:\/\/epis-libres.leportail.org\/index.php\/wp-json\/wp\/v2\/pages"}],"about":[{"href":"https:\/\/epis-libres.leportail.org\/index.php\/wp-json\/wp\/v2\/types\/page"}],"author":[{"embeddable":true,"href":"https:\/\/epis-libres.leportail.org\/index.php\/wp-json\/wp\/v2\/users\/1"}],"replies":[{"embeddable":true,"href":"https:\/\/epis-libres.leportail.org\/index.php\/wp-json\/wp\/v2\/comments?post=64"}],"version-history":[{"count":56,"href":"https:\/\/epis-libres.leportail.org\/index.php\/wp-json\/wp\/v2\/pages\/64\/revisions"}],"predecessor-version":[{"id":1672,"href":"https:\/\/epis-libres.leportail.org\/index.php\/wp-json\/wp\/v2\/pages\/64\/revisions\/1672"}],"wp:attachment":[{"href":"https:\/\/epis-libres.leportail.org\/index.php\/wp-json\/wp\/v2\/media?parent=64"}],"curies":[{"name":"wp","href":"https:\/\/api.w.org\/{rel}","templated":true}]}}